ue
Does 34 divide 1496?
True
Is 2156 a multiple of 44?
True
Does 24 divide 7248?
True
Does 128 divide 89088?
True
Is 6 a factor of 132?
True
Is 4332 a multiple of 19?
True
Is 28 a factor of 5600?
True
Is 2796 a multiple of 19?
False
Is 30 a factor of 11670?
True
Is 3384 a multiple of 9?
True
Does 30 divide 52752?
False
Does 15 divide 1456?
False
Is 36 a factor of 11155?
False
Does 63 divide 1770?
False
Does 10 divide 323?
False
Is 25 a factor of 2375?
True
Is 6370 a multiple of 7?
True
Is 11225 a multiple of 58?
False
Is 6 a factor of 57126?
True
Is 1742 a multiple of 26?
True
Is 33 a factor of 3688?
False
Does 130 divide 1430?
True
Is 42817 a multiple of 262?
False
Is 65704 a multiple of 344?
True
Is 4 a factor of 49?
False
Is 78 a factor of 33683?
False
Does 67 divide 22780?
True
Is 3712 a multiple of 16?
True
Is 14 a factor of 1127?
False
Does 96 divide 2496?
True
Does 8 divide 204?
False
Is 784 a multiple of 28?
True
Is 15 a factor of 3617?
False
Is 13 a factor of 364?
True
Is 15088 a multiple of 16?
True
Is 781 a multiple of 110?
False
Is 1206 a multiple of 12?
False
Is 500 a multiple of 5?
True
Is 54 a factor of 12268?
False
Is 3228 a multiple of 27?
False
Is 9 a factor of 10737?
True
Is 45 a factor of 495?
True
Is 11 a factor of 2212?
False
Does 18 divide 24660?
True
Is 137 a factor of 13341?
False
Is 13 a factor of 60255?
True
Does 90 divide 5220?
True
Is 1681 even?
False
Is 20232 a multiple of 24?
True
Is 83 a factor of 16019?
True
Does 21 divide 90825?
True
Does 27 divide 28647?
True
Is 9 a factor of 57?
False
Is 5 a factor of 175?
True
Is 132 a multiple of 17?
False
Does 6 divide 570?
True
Is 18 a factor of 1143?
False
Does 41 divide 410?
True
Is 35 a factor of 1085?
True
Is 8 a factor of 156?
False
Is 3 a factor of 2159?
False
Is 17784 a multiple of 18?
True
Does 12 divide 15900?
True
Is 10 a factor of 7127?
False
Is 16 a factor of 2416?
True
Is 17 a factor of 2754?
True
Does 76 divide 4251?
False
Is 567 a multiple of 9?
True
Does 18 divide 4331?
False
Does 37 divide 7437?
True
Does 4 divide 156?
True
Is 20139 a multiple of 137?
True
Is 65 a factor of 25704?
False
Is 1219 a multiple of 53?
True
Is 12204 a multiple of 108?
True
Is 25 a factor of 1350?
True
Is 124 even?
True
Is 23 a factor of 11314?
False
Is 49 a factor of 51110?
False
Is 10236 a multiple of 5?
False
Is 11 a factor of 770?
True
Is 1031 a multiple of 20?
False
Is 40 a factor of 460?
False
Is 3652 a multiple of 44?
True
Does 104 divide 312?
True
Does 8 divide 29792?
True
Does 38 divide 138?
False
Is 434 a multiple of 13?
False
Is 3822 a multiple of 98?
True
Is 40862 a multiple of 94?
False
Is 32 a factor of 1120?
True
Is 183 a factor of 111630?
True
Is 8 a factor of 21999?
False
Is 107 a factor of 7347?
False
Is 783 a multiple of 6?
False
Is 6762 a multiple of 42?
True
Is 18 a factor of 16038?
True
Does 51 divide 9537?
True
Does 325 divide 69363?
False
Does 37 divide 747?
False
Is 75 a factor of 1666?
False
Does 6 divide 2944?
False
Is 2431 a multiple of 13?
True
Is 2889 a multiple of 2?
False
Is 83 a factor of 10819?
False
Is 4 a factor of 780?
True
Does 22 divide 14508?
False
Is 22 a factor of 1210?
True
Is 51702 a multiple of 14?
True
Is 17 a factor of 2343?
False
Is 4997 a multiple of 19?
True
Does 71 divide 24566?
True
Does 11 divide 1899?
False
Is 3 a factor of 57?
True
Is 11033 a multiple of 11?
True
Is 3 a factor of 830?
False
Does 27 divide 2539?
False
Is 1118 a multiple of 43?
True
Does 15 divide 30454?
False
Is 16 a factor of 256?
True
Does 6 divide 2894?
False
Is 620 a multiple of 18?
False
Is 455 a multiple of 66?
False
Is 114132 a multiple of 12?
True
Does 64 divide 768?
True
Is 134 a multiple of 2?
True
Is 847 a multiple of 21?
False
Does 4 divide 10888?
True
Is 615 a multiple of 4?
False
Is 5 a factor of 37135?
True
Is 90 a factor of 1170?
True
Does 3 divide 894?
True
Is 270 a multiple of 5?
True
Is 7180 a multiple of 38?
False
Is 158 a factor of 14543?
False
Is 3280 a multiple of 4?
True
Does 15 divide 21884?
False
Is 9852 a multiple of 4?
True
Does 11 divide 492?
False
Is 37 a factor of 15096?
True
Is 12 a factor of 22971?
False
Does 21 divide 12138?
True
Does 7 divide 278?
False
Is 23786 a multiple of 14?
True
Is 30 a factor of 1747?
False
Is 5869 a multiple of 3?
False
Does 12 divide 6576?
True
Does 17 divide 2822?
True
Does 19 divide 2812?
True
Is 22 a factor of 2573?
False
Is 6 a factor of 9666?
True
Is 95928 a multiple of 24?
True
Is 3340 a multiple of 5?
True
Is 156 a factor of 4836?
True
Is 8 a factor of 899?
False
Is 244 a factor of 11220?
False
Is 8 a factor of 734?
False
Is 44 a factor of 25978?
False
Is 6 a factor of 12723?
False
Is 6 a factor of 1925?
False
Is 4365 a multiple of 15?
True
Is 8 a factor of 32?
True
Does 6 divide 186?
True
Does 7 divide 3851?
False
Is 28417 a multiple of 181?
True
Does 51 divide 969?
True
Does 34 divide 1365?
False
Is 15 a factor of 1021?
False
Is 2899 a multiple of 49?
False
Does 7 divide 1779?
False
Is 4 a factor of 936?
True
Is 23 a factor of 230?
True
Does 12 divide 16612?
False
Is 227 a factor of 1362?
True
Is 17 a factor of 231?
False
Is 6697 a multiple of 47?
False
Does 57 divide 9348?
True
Does 22 divide 1540?
True
Is 88 a multiple of 4?
True
Does 47 divide 94?
True
Does 65 divide 1066?
False
Is 14 a factor of 2786?
True
Does 2 divide 8135?
False
Is 3 a factor of 144?
True
Is 40 a factor of 4036?
False
Is 38 a factor of 1152?
False
Is 22 a factor of 351?
False
Is 350 a multiple of 10?
True
Does 28 divide 16716?
True
Is 10 a factor of 381?
False
Is 11 a factor of 11?
True
Is 2311 a multiple of 110?
False
Is 58015 a multiple of 9?
False
Is 14476 a multiple of 28?
True
Is 15 a factor of 5953?
False
Is 7392 a multiple of 18?
False
Does 5 divide 525?
True
Is 4 a factor of 101?
False
Is 5684 a multiple of 53?
False
Is 7679 a multiple of 21?
False
Is 4521 a multiple of 26?
False
Is 3 a factor of 12?
True
Does 13 divide 7462?
True
Is 55 a factor of 2090?
True
Does 23 divide 23276?
True
Does 10 divide 901?
False
Does 23 divide 529?
True
Is 63 a factor of 693?
True
Is 20935 a multiple of 79?
True
Is 632 a multiple of 14?
False
Is 15276 a multiple of 67?
True
Does 52 divide 25792?
True
Is 41 a factor of 1737?
False
Does 26 divide 2259?
False
Is 384 a multiple of 16?
True
Is 19 a factor of 89417?
False
Is 64 a factor of 10639?
False
Is 23 a factor of 2139?
True
Does 4 divide 568?
True
Does 40 divide 320?
True
Does 69 divide 5451?
True
Is 8021 a multiple of 51?
False
Does 32 divide 97?
False
Does 32 divide 64?
True
Is 5 a factor of 6969?
False
Is 9 a factor of 361?
False
Is 34 a factor of 167?
False
Is 668 a multiple of 10?
False
Is 24714 a multiple of 6?
True
Is 30 a factor of 6750?
True
Is 121 a factor of 7728?
False
Does 285 divide 34061?
False
Is 1128 a multiple of 5?
False
Is 759 a multiple of 16?
False
Is 91 a factor of 38129?
True
Is 8 a factor of 760?
True
Is 111 a factor of 6327?
True
Does 115 divide 923?
False
Does 86 divide 35896?
False
Does 5 divide 2012?
False
Is 4 a factor of 55736?
True
Is 155 a factor of 9220?
False
Is 384 a multiple of 12?
True
Is 1245 a multiple of 8?
False
Is 8 a factor of 4389?
False
Does 26 divide 12116?
True
Is 1208 a multiple of 3?
False
Does 44 divide 4809?
False
Is 2 a factor of 233?
False
Is 189 a multiple of 3?
True
Does 10 divide 4050?
True
Is 13 a factor of 979?
False
Does 35 divide 446?
False
Does 26 divide 1310?
False
Does 21 divide 946?
False
Is 10 a factor of 5610?
True
Does 176 divide 6842?
False
Does 3 divide 618?
True
Is 2629 a multiple of 11?
True
Does 71 divide 113671?
True
Is 126 a multiple of 18?
True
Is 1859 a multiple of 42?
False
Is 51 a factor of 10536?
False
Is 10 a factor of 2036?
False
Is 4 a factor of 776?
True
Is 944 a multiple of 16?
True
Is 9236 a multiple of 6?
False
Is 6120 a multiple of 20?
True
Is 65 a factor of 6890?
True
Does 2 divide 888?
True
Is 648 a multiple of 18?
True
Does 118 divide 5900?
True
Is 29040 a multiple of 20?
True
Is 287 a multiple of 11?
False
Does 23 divide 184?
True
Does 82 divide 9922?
True
Is 23290 a multiple of 7?
False
Does 140 divide 36704?
False
Is 243 a factor of 21141?
True
Does 10 divide 3474?
False
Is 22960 a multiple of 112?
True
Is 41405 a multiple of 65?
True
Is 486 a multiple of 3?
True
Is 473 a multip